True
Is 165789233 prime?
False
Is 21921685 a composite number?
True
Is 989329 prime?
False
Is 151632137 a prime number?
True
Is 1126627 prime?
True
Is 16536437 prime?
True
Is 201274313 a prime number?
True
Is 74416733 a prime number?
False
Is 71025491 a composite number?
False
Is 1347419 a prime number?
False
Is 10050461 a prime number?
False
Is 1428763357 a composite number?
True
Is 502965011 prime?
True
Is 173103331 a composite number?
False
Is 59401513 prime?
True
Is 469331 composite?
False
Is 9915897 composite?
True
Is 160959613 a composite number?
False
Is 75604339 a composite number?
False
Is 89171107 prime?
True
Is 31039 composite?
False
Is 121838765 prime?
False
Is 115473641 a composite number?
True
Is 6871721 prime?
False
Is 22251019 a composite number?
True
Is 277325054 a composite number?
True
Is 972148147 prime?
False
Is 51291223 a prime number?
True
Is 4463581 a composite number?
True
Is 246439 composite?
False
Is 97035265 a prime number?
False
Is 14138911 composite?
True
Is 17481973 prime?
True
Is 95617721 a composite number?
False
Is 2973667 prime?
True
Is 165484013 composite?
False
Is 989407 a prime number?
False
Is 2122123 composite?
False
Is 386587 a prime number?
True
Is 18390661 composite?
False
Is 80975119 prime?
False
Is 230211883 composite?
True
Is 384062459 a prime number?
False
Is 81252893 a composite number?
False
Is 80293891 prime?
True
Is 1013197 a composite number?
False
Is 1162459741 composite?
False
Is 2839897 a prime number?
False
Is 37080437 a prime number?
False
Is 10816937 a composite number?
False
Is 7731961 prime?
True
Is 77395627 a prime number?
False
Is 32115803 a prime number?
False
Is 10471057 a prime number?
True
Is 13113811 composite?
False
Is 3459971 prime?
True
Is 218087131 a prime number?
True
Is 8779709 a prime number?
False
Is 95491367 a composite number?
False
Is 3789209 a prime number?
False
Is 3322769 composite?
True
Is 3314333 prime?
False
Is 727121 prime?
True
Is 6841849 a composite number?
True
Is 4197377 a composite number?
True
Is 463267597 a prime number?
False
Is 5726345 prime?
False
Is 9506767 a composite number?
False
Is 228037819 a prime number?
True
Is 9547079 a composite number?
True
Is 4189403 composite?
False
Is 1622141 composite?
False
Is 168561803 a composite number?
False
Is 3501767 composite?
True
Is 68833951 a prime number?
True
Is 2457359 composite?
True
Is 5014547 prime?
True
Is 14391079 a composite number?
True
Is 645265763 prime?
False
Is 5555929 a composite number?
False
Is 171820519 composite?
True
Is 282197 prime?
False
Is 6963301 prime?
True
Is 1719741 a composite number?
True
Is 206827241 prime?
True
Is 376541 composite?
True
Is 569778929 a prime number?
True
Is 42502283 a composite number?
False
Is 12492605 prime?
False
Is 14599267 prime?
False
Is 75061747 a prime number?
False
Is 1616107 prime?
False
Is 5532833 a composite number?
False
Is 14372771 prime?
False
Is 29803451 a composite number?
False
Is 1372895 prime?
False
Is 45129871 composite?
True
Is 1712969 a prime number?
True
Is 8853599 composite?
True
Is 4985287 a prime number?
True
Is 686761 a composite number?
False
Is 503119 prime?
False
Is 3389651 a composite number?
False
Is 57307259 a composite number?
False
Is 2210239 prime?
False
Is 9743 prime?
True
Is 15731039 a prime number?
True
Is 8589237 prime?
False
Is 5789291 composite?
False
Is 1148669 a composite number?
True
Is 53314777 prime?
False
Is 880001 a composite number?
False
Is 7545701 a composite number?
True
Is 15621887 a prime number?
True
Is 4648409 a composite number?
False
Is 4295321 prime?
True
Is 2159147 a composite number?
False
Is 153438907 composite?
True
Is 10052859 composite?
True
Is 353082551 composite?
False
Is 94191859 a composite number?
False
Is 304363327 a prime number?
True
Is 2480107 a composite number?
True
Is 41699029 a prime number?
True
Is 54760389 composite?
True
Is 110543207 prime?
True
Is 864757 prime?
True
Is 55010177 composite?
True
Is 20957731 prime?
True
Is 3178369 composite?
True
Is 154111 a prime number?
True
Is 1162307 prime?
False
Is 4574707 composite?
False
Is 15437 prime?
False
Is 455047 composite?
False
Is 3403177 prime?
True
Is 3765989 a prime number?
False
Is 1187227 a composite number?
False
Is 34953311 a prime number?
False
Is 398861 a composite number?
True
Is 12325673 prime?
False
Is 425939 a prime number?
True
Is 6509557 composite?
False
Is 21502367 composite?
False
Is 4053103 a prime number?
True
Is 336472319 composite?
False
Is 1380633 prime?
False
Is 13872403 composite?
False
Is 51509517 a prime number?
False
Is 12985809 a prime number?
False
Is 938159 a prime number?
False
Is 673193 a prime number?
True
Is 73373 prime?
False
Is 3165133 prime?
True
Is 3243721 composite?
True
Is 91377123 prime?
False
Is 274579 a prime number?
True
Is 114600251 prime?
True
Is 24970369 a prime number?
False
Is 32798609 prime?
True
Is 7315885 a prime number?
False
Is 424906327 composite?
False
Is 17442709 prime?
True
Is 204852847 a composite number?
False
Is 17203831 prime?
True
Is 30723509 composite?
False
Is 1765615 prime?
False
Is 17759857 a composite number?
True
Is 708109 composite?
False
Is 152519879 a composite number?
False
Is 31835209 prime?
False
Is 186619 composite?
False
Is 4906063 a composite number?
False
Is 25270277 composite?
False
Is 6461527 a prime number?
True
Is 163307 a prime number?
True
Is 2383005939 a composite number?
True
Is 295199 composite?
False
Is 20013701 composite?
True
Is 2802461 prime?
False
Is 17396605 a composite number?
True
Is 314735287 prime?
False
Is 9360301 composite?
True
Is 3733099 a prime number?
True
Is 330550973 composite?
False
Is 45109 composite?
True
Is 8654521 a composite number?
False
Is 72250847 prime?
True
Is 954950609 composite?
True
Is 1326313607 composite?
True
Is 798103 composite?
True
Is 422687 a prime number?
False
Is 68583589 composite?
False
Is 7976131 prime?
False
Is 25334263 a prime number?
True
Is 20195599 a composite number?
True
Is 124607503 a prime number?
True
Is 6908669 a prime number?
False
Is 47827379 a composite number?
True
Is 1263991 composite?
True
Is 8359786 a prime number?
False
Is 115897 a prime number?
False
Is 82939 a composite number?
False
Is 19786291 prime?
False
Is 21407909 a composite number?
False
Is 11592494 a prime number?
False
Is 34563161 composite?
False
Is 12646123 prime?
False
Is 92561333 prime?
False
Is 212723 prime?
False
Is 27933149 composite?
True
Is 32202559 prime?
True
Is 28970767 a prime number?
False
Is 92731081 a prime number?
True
Is 899051 prime?
True
Is 23000069 a composite number?
True
Is 24260867 a composite number?
True
Is 27824491 prime?
True
Is 3898459 a composite number?
False
Is 388838965 prime?
False
Is 210076499 prime?
False
Is 25673069 composite?
False
Is 26265979 a prime number?
True
Is 37552979 composite?
False
Is 377474347 composite?
False
Is 20024747 composite?
False
Is 4833993 composite?
True
Is 165598513 composite?
True
Is 64875359 prime?
True
Is 3713882 a prime number?
False
Is 12000731 composite?
False
Is 3091831 composite?
True
Is 1175219 prime?
True
Is 199583 a composite number?
False
Is 1276909 a composite number?
True
Is 23639347 prime?
True
Is 16343123 a composite number?
True
Is 22088861 a composite number?
False
Is 119134841 composite?
True
Is 5202209 a composite number?
True
Is 211198577 a prime number?
False
Is 26408323 a composite number?
False
Is 202997941 prime?
False
Is 1476359 composite?
False
Is 831930851 prime?
True
Is 12404531 a composite number?
False
Is 135217595 composite?
True
Is 163689037 prime?
True
Is 1885297 composite?
True
Is 2995327 composite?
True
Is 69784163 a prime number?
True
Is 3564563 a prime number?
False
Is 6850991 prime?
False
Is 13200791 a composite number?
False
Is 8232899 composite?
False
Is 23697317 a prime number?
False
Is 145792373 prime?
True
Is 1050031 prime?
True
Is 22197533 prime?
True
Is 61542191 composite?
True
Is 62963231 a prime number?
True
Is 71202818 a prime number?
False
Is 1262917 composite?
False
Is 66187091 prime?
False
Is 13663691 a composite number?
False
Is 21437011 composite?
False
Is 47940637 a composite number?
True
Is 79394273 a prime number?
False
Is 330251183 a composite number?
False
Is 563133 a composite number?
True
Is 317479